*f**3 + 10*f**2 - 14*f - 8. Let i(b) = 5*r(b) - 6*t(b). Determine i(9).
3
Let p be ((-85)/(-34))/(1/2). Let j(n) = n**3 - n**2 - 4*n - 1. Let r be j(3). Let g(h) = r*h**2 + 4*h - 4*h - h**3 - 5. Calculate g(p).
-5
Let w(n) = 5*n**2 - 4*n - 1. Let m(a) = -6*a**2 + 5*a + 1. Let d(k) = 6*m(k) + 7*w(k). Determine d(4).
-9
Suppose 0 = 2*u - p + 105, 4*u + 2*p = -144 - 78. Let r = u + 59. Let n(t) = 2*t - 5. Give n(r).
5
Suppose -5*s + 72 = 17. Let i(h) = 5*h - s - h**2 - 4*h - 2*h. What is i(0)?
-11
Let q(c) = -3*c**3. Let d = -772 + 771. Determine q(d).
3
Let o(f) = -f - 7. Let g = 266 + -270. What is o(g)?
-3
Suppose 0*z - k - 5 = -2*z, -4*z + 6 = 2*k. Let u(c) = -5*c**3 + 7*c**3 + 3 - 5*c**3 - 2*c**z + 3*c. Determine u(-2).
13
Let s(b) be the third derivative of b**4/12 - 7*b**3/6 + 548*b**2. What is s(0)?
-7
Suppose 3 = -3*p - 0*p. Let k(b) be the second derivative of -7*b**5/20 + b**4/12 - b**3/6 - b**2/2 + 614*b. Give k(p).
8
Let g(m) = -m**3 + 9*m**2 + m - 5. Let f be 2*(7 - (-1 + 0)). Suppose -f*o = -10*o - 54. What is g(o)?
4
Let w(k) be the third derivative of -k**5/60 + k**4/12 + k**3/6 - 10*k**2 - 25*k. Let a(r) = -r**2 + r + 4. Let i be a(0). Give w(i).
-7
Let a(j) = -j**3 - j**2 - 4*j + 4. Let r(w) = w**2 + w. Let o(b) = a(b) + 4*r(b). Calculate o(3).
4
Let o be 6/8 - (-343)/28. Let v(x) = x**3 - 14*x**2 + 14*x + 12. Determine v(o).
25
Let k = -13 - -15. Let b(a) = -23*a + 7 + 24*a - 6*a**2 + a**3 - k. What is b(6)?
11
Suppose -5*t + 2*k - 7 = 3*k, -9 = 5*t + 2*k. Let m(c) be the first derivative of -c**4/4 - c**2/2 - c - 17. Give m(t).
1
Let h(f) = -f**3 - 17*f**2 - 17*f - 23. Let t(q) = -q**3 + 9*q**2 - 16*q - 2. Let j be t(7). What is h(j)?
-7
Let v(g) = 26*g + 12. Let n(c) = -32*c - 13. Let t(u) = 4*n(u) + 5*v(u). Determine t(-11).
-14
Suppose -3*n - 134 = -4*z + 73, 2*z = -2*n + 86. Let p = -42 + z. Let b(q) = -q - 3. What is b(p)?
-9
Let a(k) = -3*k**2 - 3*k + 4. Let s = -127 - -126. Let r(q) = -q**2 + q. Let h(f) = s*a(f) + 4*r(f). Calculate h(6).
2
Let u(c) = 11*c - 2. Let h(y) = y**2 + 10*y - 3. Let a be h(-10). Determine u(a).
-35
Let f(n) = -5*n + 2*n**2 + 0*n**2 - 3 - 3*n**2. Let o = 1238 + -1243. What is f(o)?
-3
Let c be (53/(-636))/((-2)/24). Let g = 4 - 0. Let n(y) = -g*y - 1 + 5*y + 0*y + 6*y**2. What is n(c)?
6
Let o(i) = 3*i - 3. Let u(s) = -16*s + 14. Let j(q) = -11*o(q) - 2*u(q). Determine j(5).
0
Let t be ((-18)/(-21))/(0 - 6/(-28)). Suppose 25*g = 23*g + t. Let v(o) = -2*o**3 + 2*o**2. Give v(g).
-8
Let h(a) be the third derivative of 1/8*a**4 - 1/20*a**5 + 1/6*a**3 - 1/120*a**6 - a**2 + 0 + 0*a. Let x(n) = 27*n + 131. Let g be x(-5). Calculate h(g).
5
Suppose 0 = -3*a + k + 23 + 70, 2*k = -a + 38. Suppose -8*m + 4*d - a = -3*m, 3*m + 3 = -3*d. Let t(z) = 36*z - 1 - 1 - 35*z + 3. Calculate t(m).
-3
Let l(i) = i**2 - 4*i - 4. Let c be l(4). Let k(q) = -6*q**2 + 9*q. Let h(f) = 5*f**2 - 8*f. Let d(v) = c*k(v) - 5*h(v). What is d(4)?
0
Let m(z) = -z**2 + 20*z - 20. Suppose r = 3*g + 8 + 2, -4*g = -3*r + 45. Calculate m(r).
-1
Let n = -631 - -634. Let q(s) be the third derivative of 0*s + n*s**2 - 1/3*s**3 + 1/60*s**5 + 1/6*s**4 + 0. What is q(-5)?
3
Let g(r) be the first derivative of -3/2*r**2 + 0*r + 5/6*r**3 - 1/12*r**4 - 2. Let p(m) be the second derivative of g(m). Give p(5).
-5
Let t(r) = -3*r**2 + 0 + 66*r**3 + r + 61*r**3 + 0 - 126*r**3. What is t(2)?
-2
Let h(s) = 3*s**2 + 1. Let f(z) = 3*z**2 + 26*z - 13. Let g be f(-9). Let t = g + 3. Calculate h(t).
4
Let h = 55 - 53. Let t(g) = 3*g**2 + g**3 - 2 - 3*g + g**2 + 9*g + 4*g**h. Give t(-7).
5
Let n(u) = -9*u**3 + 10*u**2 + 5*u + 7. Let k(d) = 7*d**3 - 9*d**2 - 3*d - 7. Let p(m) = 4*k(m) + 3*n(m). What is p(5)?
-17
Let t(d) be the second derivative of d**5/20 - d**4/12 + d**2/2 + d. Let o(u) = -5*u**3 + 5*u**2 + 2*u - 5. Let j(x) = -o(x) - 4*t(x). Calculate j(2).
1
Let w(o) = o**2 + o - 3. Suppose -3*s = -5*b - s - 17, -3*s = 5*b + 12. Calculate w(b).
3
Let h be (-3 + 1)/(-6*(-7)/(-63)). Let q(m) = -h*m + 99 - 199 + 101. What is q(-4)?
13
Suppose -3*n - 8 = -2. Let a(u) = -29 - 2*u + 3*u**2 - u**3 + 0*u**2 - 2*u**2 + 27. What is a(n)?
14
Let k(p) = -p - 1. Suppose 0 = -3*t + 2*i + 25 + 7, 3*t = -5*i + 46. Suppose 8 = j + t. Calculate k(j).
3
Suppose 21*k - 56 = -7*k. Let m(w) = -8*w - 2. Calculate m(k).
-18
Let u(o) = -o**2 + 10*o - 1. Let c(w) = -w**2 + 12*w - 28. Let b be c(7). Give u(b).
20
Let y(n) = -7 - n**2 - 2 + 6*n + 2. Let o(c) = 2*c**2 - 3*c - 4. Let t be o(3). Suppose -2*r + 3*h + 18 = t*h, 8 = 4*r - 3*h. Give y(r).
-2
Let s(a) be the second derivative of -a**4/12 + 7*a**3/6 + a**2 + 1343*a. Let b = 7 + 0. What is s(b)?
2
Let t(c) = c**2 - 1. Suppose 2*a + 2 = -4. Let h(v) = -2*v**2 + 5*v - 2. Let q(n) = a*t(n) - h(n). Let m be -2*((-49)/(-18) - 2/9). What is q(m)?
5
Let y(v) = 3*v**2 + 9*v - 125. Let q(f) = 4*f**2 + 16*f - 187. Let n(z) = 5*q(z) - 7*y(z). What is n(6)?
6
Let h(d) = d**3 + 5. Let i(p) = 4*p**3 - 12*p**2 - p + 16. Let c(r) = 2*h(r) - i(r). Determine c(6).
0
Let d(j) = j**3 - 4*j**2 - 6*j - 1. Let g be 9/(-6) + (-872)/16. Let u be g/(-10) + 3/(-5). What is d(u)?
-6
Let g be 49/28*(3 - -1). Let b(u) = -6 + u - 9*u - 10*u + g. Calculate b(1).
-17
Let w(c) be the second derivative of -c**4/12 + 2*c**3/3 - 2*c**2 - 200*c. Determine w(5).
-9
Let z(u) be the first derivative of 1/3*u**3 - 29 + 11*u - 9/2*u**2. Determine z(8).
3
Let q(j) = -310 + 156 + j**2 + 158 + 6*j. Calculate q(-4).
-4
Suppose 5*b + 15 = -10. Let f(c) = c**2 + 2*c - 3. Calculate f(b).
12
Suppose 13 = 4*j - 7. Suppose 0 = 4*u - j*d + 2, -4*u + 6 = 5*d - 6*d. Let v(i) = 4 + 1 - 4*i - 4 - i**2 - u. Determine v(-4).
-1
Let t(j) = j**3 - 6*j**2 - 3*j - 8. Let f be 13/((-52)/(-48)) + -6. Give t(f).
-26
Let d(r) = 8*r + 3. Suppose 10*v = 12*v. Suppose -4*x + v*z + z - 9 = 0, -2 = 2*x + 2*z. Determine d(x).
-13
Suppose 0 = -2*n + 4*n - 2, 0 = 4*p + 2*n - 34. Let r = 2 - p. Let j(w) = w**3 + 5*w**2 - 4*w + 7. Give j(r).
-5
Let u = 7 + -4. Let m(v) = v**3 + 4*v**2 - 3. Let x(d) = d**3 + 5*d**2 - 4. Let z(f) = -6*m(f) + 5*x(f). Determine z(u).
-20
Let u(b) = -7*b + 6. Let v(z) = 10*z - 9. Let d = -1 + -6. Suppose 2*i + o + 9 = 0, -2*i - 5*o + 52 = 57. Let k(g) = d*u(g) + i*v(g). Give k(0).
3
Let u(w) = -4*w**3. Let j = 18 + -5. Let l = -9 + j. Suppose 2*f + l = 2. Calculate u(f).
4
Suppose 6*t + 50 = -4*t. Let l(f) = 4*f + 6. Give l(t).
-14
Let s(i) = -2*i**2 + 0 - 3*i + 0*i - 1. Let v(w) = -4*w + 66. Let g be v(17). Determine s(g).
-3
Let q(j) = 2*j**3 - 4*j**2 + 3*j - 2. Suppose -4*d + 3 = -1. Let o be d + 3 + (-2 - 0). Suppose s = o*s - 3*p + 10, p - 4 = 0. Determine q(s).
4
Let f(g) = g**3 + g. Let b(h) = 5*h**3 + 2*h**2 + 4*h + 4. Let k = -30 + 34. Let o(i) = k*f(i) - b(i). What is o(-3)?
5
Let t(r) = r - 3. Let n be 0/1 - 0/4. Suppose 0 = -3*i + 15, n*g - 3*i = 2*g - 15. Let o be -6 - -6 - (4 - g). Determine t(o).
-7
Let a(u) be the third derivative of -u**4/24 + 2*u**3/3 - 352*u**2. What is a(8)?
-4
Let n(h) be the first derivative of h**4/4 + 5*h**3/3 + 5*h**2/2 + 4*h + 466. What is n(-3)?
7
Let g = 2 + -3. Let s(k) = 5 + 5 - 7*k + 0 - 11. What is s(g)?
6
Let t(u) = u**2 - 3*u + 7. Suppose -4*l = x - 9 - 6, 3*x = 2*l - 25. Calculate t(l).
17
Let l(r) be the third derivative of r**4/8 - 2*r**3/3 - 64*r**2 - 3. Determine l(-11).
-37
Let h = -2 - 0. Let d = 161 - 157. Let s = h - d. Let m(v) = -v - 5. Give m(s).
1
Let f(v) be the second derivative of -5*v**3/6 + 4*v**2 - 9*v. Let r(n) = 9*n - 17. Let o(h) = -11*f(h) - 6*r(h). Let y = -21 - -15. Calculate o(y).
8
Let p = -1 + 6. Let i(k) = 6*k**3 - 9*k - 7*k**3 + 7*k**2 - p + 5*k. Determine i(6).
7
Let i be 155/93*18/10. Let k(y) be the first derivative of -2 + i*y - 3/2*y**2. Give k(4).
-9
Let w(v) = -v**3 + 3*v**2 - 4*v + 1. Let d(r) = r**2 - 61*r + 4. Let q be d(61). Give w(q).
-31
Suppose 3*k - 3*u = -7*u - 27, 4*u + 17 = -k. Let z(o) = -5*o + 3. What is z(k)?
28
Let n(b) = -b**3 + 4*b**2 + 8*b - 7. Suppose -7*r - 4*r + 66 = 0. What is n(r)?
-31
Let h(s) = 4 - 19*s - 5*s**2 + 22*s - 1 + 4*s**2. Give h(3).
3
Suppose 0 = -2*v + 2*i + 8, -4*i = -0*v + 2*v - 14. Let u(j) = 0*j + 2 - j + v + 3*j. Let l be (-4 + 1)*-1*-2. Give u(l).
-5
Let x be ((16 - 30) + 13)*(0 + -3). Let l(v) = -v**3 + v**2 + v + 3. Calculate l(x).
-1